{"id":490,"date":"2022-08-08T17:11:38","date_gmt":"2022-08-08T17:11:38","guid":{"rendered":"https:\/\/unitedidiomas.com\/blog\/?page_id=490"},"modified":"2022-08-08T18:26:47","modified_gmt":"2022-08-08T18:26:47","slug":"materiais-ricos","status":"publish","type":"page","link":"https:\/\/unitedidiomas.com\/blog\/materiais-ricos\/","title":{"rendered":"Materiais Ricos"},"content":{"rendered":"<p>[et_pb_section fb_built=&#8221;1&#8243; next_background_color=&#8221;#ffffff&#8221; admin_label=&#8221;Header&#8221; _builder_version=&#8221;4.10.7&#8243; _module_preset=&#8221;default&#8221; background_image=&#8221;https:\/\/unitedidiomas.com\/blog\/wp-content\/uploads\/2021\/09\/img-header.jpg&#8221; custom_padding=&#8221;||0vw||false|false&#8221; bottom_divider_style=&#8221;mountains&#8221; bottom_divider_height=&#8221;150px&#8221; bottom_divider_flip=&#8221;horizontal&#8221; global_colors_info=&#8221;{}&#8221;][et_pb_row column_structure=&#8221;2_5,3_5&#8243; _builder_version=&#8221;4.10.7&#8243; _module_preset=&#8221;default&#8221; custom_margin=&#8221;||||false|false&#8221; custom_padding=&#8221;||0px|||&#8221; global_colors_info=&#8221;{}&#8221;][et_pb_column type=&#8221;2_5&#8243; _builder_version=&#8221;4.8.2&#8243; _module_preset=&#8221;default&#8221; global_colors_info=&#8221;{}&#8221;][et_pb_text _builder_version=&#8221;4.10.7&#8243; _module_preset=&#8221;d5dbb5d4-7ec7-4306-b6c5-1435f277faf4&#8243; text_font=&#8221;montserratbold||||||||&#8221; text_text_color=&#8221;#FFFFFF&#8221; header_font=&#8221;montserratbold||||||||&#8221; header_text_color=&#8221;#FFFFFF&#8221; header_font_size=&#8221;35px&#8221; header_line_height=&#8221;1.2em&#8221; width=&#8221;91.2%&#8221; custom_margin=&#8221;|87px|16px||false|false&#8221; header_font_size_tablet=&#8221;36px&#8221; header_font_size_phone=&#8221;24px&#8221; header_font_size_last_edited=&#8221;on|phone&#8221; global_colors_info=&#8221;{}&#8221;]<\/p>\n<h1 style=\"text-align: center;\"><img loading=\"lazy\" decoding=\"async\" src=\"https:\/\/unitedidiomas.com\/blog\/wp-content\/uploads\/2021\/09\/logo-united-idiomas-1.png\" width=\"300\" height=\"203\" alt=\"\" class=\"wp-image-17 alignnone size-medium\" \/><\/h1>\n<h1 style=\"text-align: center;\">Blog<\/h1>\n<p>[\/et_pb_text][\/et_pb_column][et_pb_column type=&#8221;3_5&#8243; _builder_version=&#8221;4.10.7&#8243; _module_preset=&#8221;default&#8221; background_image=&#8221;https:\/\/unitedidiomas.com\/blog\/wp-content\/uploads\/2021\/09\/bg-news-4.png&#8221; background_size=&#8221;contain&#8221; custom_padding=&#8221;80px|80px|80px|80px|true|true&#8221; custom_padding_tablet=&#8221;30px|30px|30px|30px|true|true&#8221; custom_padding_phone=&#8221;|20px||20px|false|true&#8221; custom_padding_last_edited=&#8221;on|desktop&#8221; background_last_edited=&#8221;on|desktop&#8221; background_image_tablet=&#8221;https:\/\/unitedidiomas.com\/blog\/wp-content\/uploads\/2021\/09\/bg-news-medio-2.png&#8221; background_image_phone=&#8221;https:\/\/unitedidiomas.com\/blog\/wp-content\/uploads\/2021\/09\/bg-news-pequeno.png&#8221; background_enable_image_tablet=&#8221;on&#8221; background_enable_image_phone=&#8221;on&#8221; parallax_phone=&#8221;off&#8221; background_size_tablet=&#8221;initial&#8221; background_size_phone=&#8221;initial&#8221; background_position_tablet=&#8221;bottom_center&#8221; background_position_phone=&#8221;bottom_center&#8221; background_repeat_phone=&#8221;no-repeat&#8221; global_colors_info=&#8221;{}&#8221;][et_pb_text content_tablet=&#8221;<\/p>\n<h2 style=%22font-family: montserratbold; font-size: 27px; text-align: center;%22>Assine nossa News<\/h2>\n<p>&#8221; content_phone=&#8221;<\/p>\n<h2 style=%22font-family: montserratbold; font-size: 22px; text-align: center;%22>Assine nossa News<\/h2>\n<p>&#8221; content_last_edited=&#8221;on|desktop&#8221; disabled_on=&#8221;on|on|on&#8221; _builder_version=&#8221;4.10.7&#8243; _module_preset=&#8221;a14a3070-0f27-4166-b303-92f53a7af324&#8243; text_font=&#8221;montserratbold|700|||||||&#8221; header_font=&#8221;Montserrat Bold|700|||||||&#8221; header_2_font=&#8221;||||||||&#8221; header_2_text_color=&#8221;#FFFFFF&#8221; header_2_font_size=&#8221;42px&#8221; header_2_line_height=&#8221;1.2em&#8221; background_layout=&#8221;dark&#8221; min_height=&#8221;34px&#8221; custom_margin=&#8221;-44px||||false|false&#8221; custom_margin_tablet=&#8221;-9px||||false|false&#8221; custom_margin_phone=&#8221;-6px||||false|false&#8221; custom_margin_last_edited=&#8221;on|phone&#8221; custom_padding=&#8221;||0px|||&#8221; header_2_font_size_tablet=&#8221;30px&#8221; header_2_font_size_phone=&#8221;20px&#8221; header_2_font_size_last_edited=&#8221;on|tablet&#8221; disabled=&#8221;on&#8221; locked=&#8221;off&#8221; global_colors_info=&#8221;{}&#8221;]<\/p>\n<h2 style=\"font-family: montserratbold; font-size: 30px; text-align: center;\">Assine nossa News<\/h2>\n<p>[\/et_pb_text][et_pb_code module_id=&#8221;#rd-column-ktoo818i&#8221; module_class=&#8221;#rd-column-ktoo818i&#8221; _builder_version=&#8221;4.10.7&#8243; _module_preset=&#8221;default&#8221; custom_css_before=&#8221;backgorund:transparent!important;&#8221; custom_css_main_element=&#8221;backgorund:transparent!important;&#8221; custom_css_after=&#8221;backgorund:transparent!important;&#8221; global_colors_info=&#8221;{}&#8221;]<\/p>\n<div role=\"main\" id=\"lamarca-assine-nossa-news-5d540369fa96dd42e7d9\"><\/div>\n<p><script type=\"text\/javascript\" src=\"https:\/\/d335luupugsy2.cloudfront.net\/js\/rdstation-forms\/stable\/rdstation-forms.min.js\"><\/script><script type=\"text\/javascript\"> new RDStationForms('lamarca-assine-nossa-news-5d540369fa96dd42e7d9', 'UA-42887237-1').createForm();<\/script>[\/et_pb_code][\/et_pb_column][\/et_pb_row][\/et_pb_section][et_pb_section fb_built=&#8221;1&#8243; admin_label=&#8221;Blog&#8221; _builder_version=&#8221;4.8.2&#8243; _module_preset=&#8221;default&#8221; global_colors_info=&#8221;{}&#8221;][et_pb_row column_structure=&#8221;3_4,1_4&#8243; use_custom_gutter=&#8221;on&#8221; gutter_width=&#8221;2&#8243; _builder_version=&#8221;4.9.0&#8243; _module_preset=&#8221;default&#8221; hover_enabled=&#8221;0&#8243; global_colors_info=&#8221;{}&#8221; sticky_enabled=&#8221;0&#8243;][et_pb_column type=&#8221;3_4&#8243; _builder_version=&#8221;4.8.2&#8243; _module_preset=&#8221;default&#8221; global_colors_info=&#8221;{}&#8221;][et_pb_image src=&#8221;https:\/\/unitedidiomas.com\/blog\/wp-content\/uploads\/2022\/08\/guiadeviagem_united.png&#8221; title_text=&#8221;guiadeviagem_united&#8221; url=&#8221;https:\/\/mkt.unitedidiomas.com\/guia-de-viagem&#8221; url_new_window=&#8221;on&#8221; _builder_version=&#8221;4.10.7&#8243; _module_preset=&#8221;default&#8221; hover_enabled=&#8221;0&#8243; global_colors_info=&#8221;{}&#8221; sticky_enabled=&#8221;0&#8243;][\/et_pb_image][et_pb_text _builder_version=&#8221;4.10.7&#8243; _module_preset=&#8221;default&#8221; text_font=&#8221;||||||||&#8221; text_text_color=&#8221;#000000&#8243; global_colors_info=&#8221;{}&#8221;]<\/p>\n<p>Fazer uma viagem internacional deixa qualquer um nervoso, n\u00e3o \u00e9? Para voc\u00ea ficar tranquilo quando precisar conversar em outro idioma, preparamos um guia de ingl\u00eas exclusivo com algumas frases que voc\u00ea pode utilizar na sua viagem.<\/p>\n<p>[\/et_pb_text][et_pb_button button_url=&#8221;https:\/\/mkt.unitedidiomas.com\/guia-de-viagem&#8221; url_new_window=&#8221;on&#8221; button_text=&#8221;Baixe Agora&#8221; button_alignment=&#8221;center&#8221; _builder_version=&#8221;4.10.7&#8243; _module_preset=&#8221;default&#8221; animation_style=&#8221;fade&#8221; hover_enabled=&#8221;0&#8243; global_colors_info=&#8221;{}&#8221; sticky_enabled=&#8221;0&#8243;][\/et_pb_button][et_pb_divider show_divider=&#8221;off&#8221; _builder_version=&#8221;4.10.7&#8243; _module_preset=&#8221;default&#8221; global_colors_info=&#8221;{}&#8221;][\/et_pb_divider][et_pb_image src=&#8221;https:\/\/unitedidiomas.com\/blog\/wp-content\/uploads\/2022\/08\/quizentrevista_united.jpg&#8221; title_text=&#8221;quizentrevista_united&#8221; url=&#8221;https:\/\/mkt.unitedidiomas.com\/quiz-entrevista-de-emprego-em-ingles&#8221; url_new_window=&#8221;on&#8221; _builder_version=&#8221;4.10.7&#8243; _module_preset=&#8221;default&#8221; hover_enabled=&#8221;0&#8243; global_colors_info=&#8221;{}&#8221; sticky_enabled=&#8221;0&#8243;][\/et_pb_image][et_pb_text _builder_version=&#8221;4.10.7&#8243; _module_preset=&#8221;default&#8221; text_font=&#8221;||||||||&#8221; text_text_color=&#8221;#000000&#8243; global_colors_info=&#8221;{}&#8221;]<\/p>\n<p>Uma entrevista de emprego em ingl\u00eas costuma ser um desafio para os candidatos. Este teste vai definir suas habilidade ingl\u00eas com seu entrevistador. R\u00e1pido e gratuito!<\/p>\n<p>[\/et_pb_text][et_pb_button button_url=&#8221; https:\/\/mkt.unitedidiomas.com\/quiz-entrevista-de-emprego-em-ingles&#8221; url_new_window=&#8221;on&#8221; button_text=&#8221;Quero fazer o teste agora&#8221; button_alignment=&#8221;center&#8221; _builder_version=&#8221;4.10.7&#8243; _module_preset=&#8221;default&#8221; hover_enabled=&#8221;0&#8243; global_colors_info=&#8221;{}&#8221; sticky_enabled=&#8221;0&#8243;][\/et_pb_button][\/et_pb_column][et_pb_column type=&#8221;1_4&#8243; _builder_version=&#8221;4.8.2&#8243; _module_preset=&#8221;default&#8221; global_colors_info=&#8221;{}&#8221;][et_pb_sidebar _builder_version=&#8221;4.10.7&#8243; _module_preset=&#8221;default&#8221; custom_margin=&#8221;||0px||false|false&#8221; custom_padding=&#8221;0px||0px||false|false&#8221; global_colors_info=&#8221;{}&#8221;][\/et_pb_sidebar][\/et_pb_column][\/et_pb_row][\/et_pb_section]<\/p>\n","protected":false},"excerpt":{"rendered":"<p>BlogAssine nossa NewsFazer uma viagem internacional deixa qualquer um nervoso, n\u00e3o \u00e9? Para voc\u00ea ficar tranquilo quando precisar conversar em outro idioma, preparamos um guia de ingl\u00eas exclusivo com algumas frases que voc\u00ea pode utilizar na sua viagem.Uma entrevista de emprego em ingl\u00eas costuma ser um desafio para os candidatos. Este teste vai definir suas [&hellip;]<\/p>\n","protected":false},"author":1,"featured_media":0,"parent":0,"menu_order":0,"comment_status":"closed","ping_status":"closed","template":"","meta":{"_et_pb_use_builder":"on","_et_pb_old_content":"","_et_gb_content_width":"","footnotes":""},"class_list":["post-490","page","type-page","status-publish","hentry"],"yoast_head":"<!-- This site is optimized with the Yoast SEO plugin v27.2 - https:\/\/yoast.com\/product\/yoast-seo-wordpress\/ -->\n<title>Materiais Ricos | Blog United Idiomas<\/title>\n<meta name=\"robots\" content=\"index, follow, max-snippet:-1, max-image-preview:large, max-video-preview:-1\" \/>\n<link rel=\"canonical\" href=\"https:\/\/unitedidiomas.com\/blog\/materiais-ricos\/\" \/>\n<meta property=\"og:locale\" content=\"pt_PT\" \/>\n<meta property=\"og:type\" content=\"article\" \/>\n<meta property=\"og:title\" content=\"Materiais Ricos | Blog United Idiomas\" \/>\n<meta property=\"og:description\" content=\"BlogAssine nossa NewsFazer uma viagem internacional deixa qualquer um nervoso, n\u00e3o \u00e9? Para voc\u00ea ficar tranquilo quando precisar conversar em outro idioma, preparamos um guia de ingl\u00eas exclusivo com algumas frases que voc\u00ea pode utilizar na sua viagem.Uma entrevista de emprego em ingl\u00eas costuma ser um desafio para os candidatos. Este teste vai definir suas [&hellip;]\" \/>\n<meta property=\"og:url\" content=\"https:\/\/unitedidiomas.com\/blog\/materiais-ricos\/\" \/>\n<meta property=\"og:site_name\" content=\"Blog United Idiomas\" \/>\n<meta property=\"article:modified_time\" content=\"2022-08-08T18:26:47+00:00\" \/>\n<meta property=\"og:image\" content=\"https:\/\/unitedidiomas.com\/blog\/wp-content\/uploads\/2021\/09\/logo-united-idiomas-1.png\" \/>\n<meta name=\"twitter:card\" content=\"summary_large_image\" \/>\n<meta name=\"twitter:label1\" content=\"Tempo estimado de leitura\" \/>\n\t<meta name=\"twitter:data1\" content=\"4 minutos\" \/>\n<script type=\"application\/ld+json\" class=\"yoast-schema-graph\">{\"@context\":\"https:\/\/schema.org\",\"@graph\":[{\"@type\":\"WebPage\",\"@id\":\"https:\/\/unitedidiomas.com\/blog\/materiais-ricos\/\",\"url\":\"https:\/\/unitedidiomas.com\/blog\/materiais-ricos\/\",\"name\":\"Materiais Ricos | Blog United Idiomas\",\"isPartOf\":{\"@id\":\"https:\/\/unitedidiomas.com\/blog\/#website\"},\"primaryImageOfPage\":{\"@id\":\"https:\/\/unitedidiomas.com\/blog\/materiais-ricos\/#primaryimage\"},\"image\":{\"@id\":\"https:\/\/unitedidiomas.com\/blog\/materiais-ricos\/#primaryimage\"},\"thumbnailUrl\":\"https:\/\/unitedidiomas.com\/blog\/wp-content\/uploads\/2021\/09\/logo-united-idiomas-1.png\",\"datePublished\":\"2022-08-08T17:11:38+00:00\",\"dateModified\":\"2022-08-08T18:26:47+00:00\",\"breadcrumb\":{\"@id\":\"https:\/\/unitedidiomas.com\/blog\/materiais-ricos\/#breadcrumb\"},\"inLanguage\":\"pt-PT\",\"potentialAction\":[{\"@type\":\"ReadAction\",\"target\":[\"https:\/\/unitedidiomas.com\/blog\/materiais-ricos\/\"]}]},{\"@type\":\"ImageObject\",\"inLanguage\":\"pt-PT\",\"@id\":\"https:\/\/unitedidiomas.com\/blog\/materiais-ricos\/#primaryimage\",\"url\":\"https:\/\/unitedidiomas.com\/blog\/wp-content\/uploads\/2021\/09\/logo-united-idiomas-1.png\",\"contentUrl\":\"https:\/\/unitedidiomas.com\/blog\/wp-content\/uploads\/2021\/09\/logo-united-idiomas-1.png\",\"width\":534,\"height\":362},{\"@type\":\"BreadcrumbList\",\"@id\":\"https:\/\/unitedidiomas.com\/blog\/materiais-ricos\/#breadcrumb\",\"itemListElement\":[{\"@type\":\"ListItem\",\"position\":1,\"name\":\"In\u00edcio\",\"item\":\"https:\/\/unitedidiomas.com\/blog\/\"},{\"@type\":\"ListItem\",\"position\":2,\"name\":\"Materiais Ricos\"}]},{\"@type\":\"WebSite\",\"@id\":\"https:\/\/unitedidiomas.com\/blog\/#website\",\"url\":\"https:\/\/unitedidiomas.com\/blog\/\",\"name\":\"Blog United Idiomas\",\"description\":\"Blog da United Idiomas\",\"potentialAction\":[{\"@type\":\"SearchAction\",\"target\":{\"@type\":\"EntryPoint\",\"urlTemplate\":\"https:\/\/unitedidiomas.com\/blog\/?s={search_term_string}\"},\"query-input\":{\"@type\":\"PropertyValueSpecification\",\"valueRequired\":true,\"valueName\":\"search_term_string\"}}],\"inLanguage\":\"pt-PT\"}]}<\/script>\n<!-- \/ Yoast SEO plugin. -->","yoast_head_json":{"title":"Materiais Ricos | Blog United Idiomas","robots":{"index":"index","follow":"follow","max-snippet":"max-snippet:-1","max-image-preview":"max-image-preview:large","max-video-preview":"max-video-preview:-1"},"canonical":"https:\/\/unitedidiomas.com\/blog\/materiais-ricos\/","og_locale":"pt_PT","og_type":"article","og_title":"Materiais Ricos | Blog United Idiomas","og_description":"BlogAssine nossa NewsFazer uma viagem internacional deixa qualquer um nervoso, n\u00e3o \u00e9? Para voc\u00ea ficar tranquilo quando precisar conversar em outro idioma, preparamos um guia de ingl\u00eas exclusivo com algumas frases que voc\u00ea pode utilizar na sua viagem.Uma entrevista de emprego em ingl\u00eas costuma ser um desafio para os candidatos. Este teste vai definir suas [&hellip;]","og_url":"https:\/\/unitedidiomas.com\/blog\/materiais-ricos\/","og_site_name":"Blog United Idiomas","article_modified_time":"2022-08-08T18:26:47+00:00","og_image":[{"url":"https:\/\/unitedidiomas.com\/blog\/wp-content\/uploads\/2021\/09\/logo-united-idiomas-1.png","type":"","width":"","height":""}],"twitter_card":"summary_large_image","twitter_misc":{"Tempo estimado de leitura":"4 minutos"},"schema":{"@context":"https:\/\/schema.org","@graph":[{"@type":"WebPage","@id":"https:\/\/unitedidiomas.com\/blog\/materiais-ricos\/","url":"https:\/\/unitedidiomas.com\/blog\/materiais-ricos\/","name":"Materiais Ricos | Blog United Idiomas","isPartOf":{"@id":"https:\/\/unitedidiomas.com\/blog\/#website"},"primaryImageOfPage":{"@id":"https:\/\/unitedidiomas.com\/blog\/materiais-ricos\/#primaryimage"},"image":{"@id":"https:\/\/unitedidiomas.com\/blog\/materiais-ricos\/#primaryimage"},"thumbnailUrl":"https:\/\/unitedidiomas.com\/blog\/wp-content\/uploads\/2021\/09\/logo-united-idiomas-1.png","datePublished":"2022-08-08T17:11:38+00:00","dateModified":"2022-08-08T18:26:47+00:00","breadcrumb":{"@id":"https:\/\/unitedidiomas.com\/blog\/materiais-ricos\/#breadcrumb"},"inLanguage":"pt-PT","potentialAction":[{"@type":"ReadAction","target":["https:\/\/unitedidiomas.com\/blog\/materiais-ricos\/"]}]},{"@type":"ImageObject","inLanguage":"pt-PT","@id":"https:\/\/unitedidiomas.com\/blog\/materiais-ricos\/#primaryimage","url":"https:\/\/unitedidiomas.com\/blog\/wp-content\/uploads\/2021\/09\/logo-united-idiomas-1.png","contentUrl":"https:\/\/unitedidiomas.com\/blog\/wp-content\/uploads\/2021\/09\/logo-united-idiomas-1.png","width":534,"height":362},{"@type":"BreadcrumbList","@id":"https:\/\/unitedidiomas.com\/blog\/materiais-ricos\/#breadcrumb","itemListElement":[{"@type":"ListItem","position":1,"name":"In\u00edcio","item":"https:\/\/unitedidiomas.com\/blog\/"},{"@type":"ListItem","position":2,"name":"Materiais Ricos"}]},{"@type":"WebSite","@id":"https:\/\/unitedidiomas.com\/blog\/#website","url":"https:\/\/unitedidiomas.com\/blog\/","name":"Blog United Idiomas","description":"Blog da United Idiomas","potentialAction":[{"@type":"SearchAction","target":{"@type":"EntryPoint","urlTemplate":"https:\/\/unitedidiomas.com\/blog\/?s={search_term_string}"},"query-input":{"@type":"PropertyValueSpecification","valueRequired":true,"valueName":"search_term_string"}}],"inLanguage":"pt-PT"}]}},"_links":{"self":[{"href":"https:\/\/unitedidiomas.com\/blog\/wp-json\/wp\/v2\/pages\/490","targetHints":{"allow":["GET"]}}],"collection":[{"href":"https:\/\/unitedidiomas.com\/blog\/wp-json\/wp\/v2\/pages"}],"about":[{"href":"https:\/\/unitedidiomas.com\/blog\/wp-json\/wp\/v2\/types\/page"}],"author":[{"embeddable":true,"href":"https:\/\/unitedidiomas.com\/blog\/wp-json\/wp\/v2\/users\/1"}],"replies":[{"embeddable":true,"href":"https:\/\/unitedidiomas.com\/blog\/wp-json\/wp\/v2\/comments?post=490"}],"version-history":[{"count":5,"href":"https:\/\/unitedidiomas.com\/blog\/wp-json\/wp\/v2\/pages\/490\/revisions"}],"predecessor-version":[{"id":501,"href":"https:\/\/unitedidiomas.com\/blog\/wp-json\/wp\/v2\/pages\/490\/revisions\/501"}],"wp:attachment":[{"href":"https:\/\/unitedidiomas.com\/blog\/wp-json\/wp\/v2\/media?parent=490"}],"curies":[{"name":"wp","href":"https:\/\/api.w.org\/{rel}","templated":true}]}}